e the greatest common divisor of 6 and s.
3
Suppose p - 2*j - 200 = 0, -p = -21*j + 9*j - 280. Calculate the highest common factor of 1176 and p.
8
Let k(o) = o**2 + 10*o - 9. Let f be k(-11). Let v = 38 + f. Let i = v - 35. What is the highest common divisor of 1 and i?
1
Let c be 532 + 1266/(-211) + 7 + 0 + 1. Calculate the greatest common divisor of c and 294.
6
Let y(f) = -2078*f + 674. Let d be y(-1). Calculate the greatest common factor of 258 and d.
86
Suppose 3*h - 7*h = 4*l - 36, -5*h + 5*l + 55 = 0. Let w be 268 + -2 + (-12)/(-3)*1. Suppose 9*a = 18*a - w. Calculate the highest common factor of h and a.
10
Let t = 3486 + -3388. Calculate the greatest common divisor of t and 2.
2
Let j(g) = 3*g**2 + 2*g + 4. Let m = 27 + -26. Let w be -7 + (-12)/(-4) + m. Let d be j(w). What is the greatest common divisor of d and 25?
25
Let k be (-98)/(6 + (-168)/21). Calculate the highest common factor of 13769 and k.
49
Let s = 4154 + -3450. Calculate the greatest common factor of s and 220.
44
Let k(s) = 7*s**2 - 16*s + 60. Suppose 0 = t - 4. Let a be k(t). Suppose 3*z = z + 54. What is the highest common factor of z and a?
27
Let r(v) = 121*v - 4704. Let p be r(39). What is the greatest common factor of 8895 and p?
15
Suppose -7*c = 20155 - 20617. Calculate the highest common divisor of c and 143.
11
Let m be 20*8/(-192)*-6. Suppose 0 = m*z + 5*z - 140. Calculate the highest common factor of z and 22.
2
Let q(r) = 16*r + 111. Let v be q(-17). Let m = v + 656. Calculate the greatest common divisor of m and 90.
45
Suppose 0 = -2*v + 4*m + 40, -4*v - 2*m + 47 = -83. Let t be 5944/v - ((-28)/15)/(-14). Calculate the greatest common divisor of t and 22.
22
Suppose -2*u - 3*l + 640 - 110 = 0, 2*l - 1060 = -4*u. Calculate the greatest common factor of u and 205.
5
Let y(o) = 5 + 3*o**2 + 4*o**2 - 3*o**2 + 2*o**2 + 7*o - 4*o**2 - 9*o**3. Let p be y(-1). Calculate the greatest common factor of 33 and p.
3
Suppose 2*d + 6 = -6. Let s(m) = -6*m + 6. Let u be s(d). Suppose -8*f + 4636 = 4412. Calculate the greatest common factor of u and f.
14
Let b be (-154)/7*30/(-20). What is the highest common divisor of b and 407?
11
Let x(l) = -4*l - 40. Let n be x(-10). Suppose -2*u - k + 168 = n, 4*u = -4*k + k + 340. What is the greatest common divisor of 287 and u?
41
Let h = 33 + -29. Suppose 5*n - 4*n - 3*f + 1 = 0, -4*n + 17 = -5*f. Calculate the highest common divisor of h and n.
4
Suppose 291*r - 292*r - d = -3599, d = 2*r - 7198. Calculate the greatest common factor of r and 305.
61
Suppose 6*z = 3*z + 2565. Let g(i) = 54*i + 585. Let w be g(-10). Calculate the greatest common factor of w and z.
45
Let f be 6*(-5 - -10)/10. Suppose -3*g + f*s + 96 = 0, -14 = -5*s + 6. What is the greatest common factor of 1476 and g?
36
Suppose 0 = 14*m - 10*m - 44. Let x(b) = -3*b + 5*b**2 + 5*b**2 - 6 + 2 + 0. Let n be x(3). What is the greatest common divisor of n and m?
11
Let h(q) = 5*q**2 + 76*q + 504. Let w be h(-8). What is the highest common divisor of 128 and w?
8
Let d = 77 + -17. Suppose -l + o = -16, 0 = 4*l - 2*o - 3*o - d. Suppose l = c - 20. Calculate the greatest common divisor of 20 and c.
20
Let j(k) be the second derivative of -19*k**3/6 + 129*k**2 + 111*k. Let r be j(12). Calculate the greatest common factor of r and 165.
15
Let d(g) = -g**3 + 49*g**2 - 330*g + 85. Let m be d(41). Calculate the greatest common divisor of m and 139.
1
Let w(u) = -2*u + 4. Let r(h) = h**3 - 2*h**2 - h + 2. Let b be r(2). Suppose b = q + 25 - 21. Let o be w(q). What is the highest common divisor of o and 84?
12
Suppose -3*p - 4*v = 80, 3*p + 3*v + 0*v + 75 = 0. Let c = 25 + p. Suppose 2*k + 0*x = -5*x + 18, k - c*x = -6. What is the greatest common divisor of k and 4?
4
Let y(g) = 5*g**2 - 303*g + 3096. Let o be y(48). Let m(p) = 24*p. Let x be m(8). Calculate the highest common factor of o and x.
24
Suppose 5*y - 20543 = 3*k, 20535 = 104*y - 99*y + 5*k. Calculate the greatest common factor of 237 and y.
79
Let w(v) = 8*v - 38. Let x = -247 + 252. Let c be w(x). Calculate the greatest common factor of c and 13.
1
Let z = -323 + 331. Suppose 31*o - 483 = z*o. What is the highest common factor of o and 28?
7
Suppose -4*r - j = -64, 4*j - 61 = -3*r - 0. Let o = -3795 - -3870. What is the greatest common divisor of r and o?
15
Suppose -7*z = -2*z + 5*s - 250, 2*z + 5*s = 100. Let b = z + -47. Suppose 2*y + b*y - 10 = 0. Calculate the greatest common factor of y and 10.
2
Let g be (11 - 1)*((-355)/10)/1. Let x = -352 - g. What is the highest common factor of 93 and x?
3
Suppose 4*i + 2*a = 1492, -4*a = -2*i + 6*i - 1492. Calculate the greatest common divisor of 4 and i.
1
Suppose -4*l + 1886 - 290 = 10*k, -5*k + 5*l = -840. Calculate the greatest common divisor of 2592 and k.
162
Let i = 104 - 62. Suppose -8*l + 22*l - 48 = 12*l. What is the greatest common divisor of l and i?
6
Suppose 3*k - o - 245 = -13, 5*o + 35 = 0. Calculate the greatest common divisor of 3200 and k.
25
Let m = -167 + 82. Let f = 111 + m. Suppose -4*r + 138 = 5*o + 7, 3*r = -5*o + 92. What is the highest common factor of f and r?
13
Suppose -20*a + 42 = -6*a. Suppose 2*f + 9*b - 49 = 4*b, a*b - 51 = -2*f. What is the greatest common divisor of 126 and f?
9
Let f = -5983 - -6100. What is the greatest common factor of f and 325?
13
Let g be (44/11)/(5 + -3). Suppose -c - 2 = 0, -g*c = -0*f + 5*f - 56. What is the greatest common divisor of f and 60?
12
Suppose 198*f - 195*f + g - 127 = 0, -5*f + 200 = 4*g. What is the greatest common factor of 6908 and f?
44
Let m be (13 - -1) + (-58 - -142)/12. Let t be 1/(-2) + (-2102)/(-4). Calculate the highest common factor of m and t.
21
Let j(p) = 6*p**2 + 13*p - 42. Let f be j(12). Let l be -3*(-12)/54*f/4. Suppose -58 + l = 5*w. Calculate the greatest common factor of w and 168.
21
Let q = 131 - 200. Let y = q - -141. Calculate the greatest common factor of y and 72.
72
Let s be ((-18)/(-4))/(46/1656). Let c be (2 - 1)/(8 + (-1294)/s). Calculate the greatest common factor of 324 and c.
81
Let n(w) = w + 21. Let z be n(-20). Let c be (-1 - -2) + 151*z. Let b = c + -150. Calculate the highest common factor of b and 2.
2
Let x = 3755 - 3707. Calculate the greatest common divisor of x and 3216.
48
Let t(m) = 24*m - 75. Let s be t(21). Let r = 1171 - 1132. What is the greatest common factor of r and s?
39
Let h = -23 - -44. Suppose -5*y = -h + 11. Suppose 3*m + y - 61 = -5*u, u - 19 = 3*m. Calculate the highest common factor of u and 13.
13
Let l be 788/14 - (88/28)/11. Let q = l + -50. What is the greatest common divisor of 30 and q?
6
Suppose -4*c = 674 - 694. Suppose -b - 24 = -2*n, -66 + 20 = -c*n - b. Calculate the highest common factor of 410 and n.
10
Let g be 954 + -3*(-16)/12. Suppose -l + 1591 = -5*m, -l = -3*m + 3*l - g. Let f = 478 + m. What is the greatest common divisor of f and 16?
16
Let z be 595/17*(5 - (-78)/15). Calculate the highest common factor of 56 and z.
7
Let q = -139 - -143. Suppose q*p - 5*p + 45 = 0. Calculate the highest common divisor of p and 45.
45
Suppose -3*n - 222 = 10*g - 13*g, 4*n - 328 = -4*g. Let a = -51 + 103. Calculate the highest common factor of a and g.
26
Let g be (115/20)/(3/2580). Calculate the greatest common divisor of g and 299.
23
Suppose j - 27 = 4*u, 0*u + 2 = 2*j + 5*u. Suppose -r + j*r = 160. Calculate the highest common factor of r and 24.
8
Let y = -1194 + 662. Let f = y + 604. Let l = -3 + 11. What is the highest common divisor of f and l?
8
Let f(l) = -2*l**2 + 180*l - 838. Let c be f(5). Calculate the greatest common factor of 12 and c.
12
Let k = -27 + 7. Let p(i) = -2*i**2 + 13*i + 25. Let u be p(11). Let d = k - u. Calculate the highest common factor of 135 and d.
27
Let s(w) = 28*w**2 + 2*w - 3. Let r be s(-3). Suppose -29*z = -31 - 230. Calculate the greatest common divisor of z and r.
9
Let f(i) = -i**3 + 16*i**2 - 14*i - 20. Let l be f(14). Suppose -38*p + 34*p + l = 0. Let z = 4 - -18. Calculate the highest common factor of p and z.
22
Suppose 0 = -4*p - 5*o - 8 + 33, 30 = 5*p + 5*o. Suppose 3*u - 6*u = -p*t + 126, -3*t = -3*u - 78. What is the greatest common factor of t and 66?
6
Let t be (-20930)/(-2)*(-25 + 1644/60). What is the greatest common factor of t and 552?
276
Suppose 196*m - 81344 = 94